ppose 4 = v + x. Give r(v).
-3
Let h(n) = -n**3 - 2*n**2 + 4*n - 4. Suppose -2*g + l = 11, -4*g + 2*l - 10 = -3*g. What is h(g)?
12
Let i(w) = w - 1. Let g(c) = c - 2. Let j(l) = 3*g(l) - 2*i(l). Let s be 3 - 6 - (-3 + -24). Suppose 3*n - t = -4*t, -5*n + t = -s. Determine j(n).
0
Suppose -25 = -9*f + 2. Let c(z) be the first derivative of -7*z**2/2 + 5*z - 2. Let y(q) = 4*q - 3. Let t(j) = -3*c(j) - 5*y(j). Calculate t(f).
3
Let j be -1 - ((-1)/2)/((-2)/4). Let f(x) = x**2 + x + 1. What is f(j)?
3
Let d(t) = -2*t**3 - 11*t**2 - 7*t - 6. Suppose 4*b = 2*o - 0*o + 26, -3*o = 4*b - 1. What is d(o)?
4
Let t(z) = -4*z - 20. Let o = -733 - -724. Calculate t(o).
16
Let x(f) be the second derivative of f**3/6 + 3*f**2 + 144*f. Give x(-5).
1
Let r(m) = -24*m + 10. Let g be r(3). Let z = g - -51. Let u(t) = t**3 + 10*t**2 - 11*t + 1. Give u(z).
1
Let j(u) = -3*u. Let p be (-22)/(-33) - 7/(-3). Suppose 0 = 2*b - p*n + 4 - 12, 0 = b + 5*n + 9. Give j(b).
-3
Suppose -18*f = -16 - 38. Let p be (-70)/(-30)*f/(-2)*2. Let l(h) = h**3 + 6*h**2 - 6*h + 9. Calculate l(p).
2
Let d(z) = -z**3 + 3*z**2 - 3*z - 1. Let r be 1 + (46/69)/((-1)/(-3)). Determine d(r).
-10
Let t = -207 + 205. Let g(l) = l + 1. Let x(a) = -2*a**2 - 8*a - 5. Let o(c) = -6*g(c) - x(c). What is o(t)?
3
Let a(w) = w**3 + 3*w**2 - 2*w - 4. Let u be (-50)/(-175) - (-46)/(-14). Give a(u).
2
Let r be (9/(-27))/((-14)/6 + 1). Let v(g) be the first derivative of -4/3*g**3 + 5/2*g**2 + 3*g - r*g**4 - 2. Calculate v(-5).
3
Let h(o) = 3 - 55*o + 112*o - 58*o. Suppose 18 = -5*q - 2. Determine h(q).
7
Let q(o) = o**2 + 7*o - 2. Let u(d) = d**3 + 14*d**2 + 11*d - 32. Let r be u(-13). Give q(r).
-8
Let q(v) = -v**3 - 7*v**2 - 2*v + 8. Let g = -708 - -701. What is q(g)?
22
Let y(r) = r**3 + 7*r**2 - 1. Let u be y(-7). Let g(o) be the first derivative of o**4/4 - o**3/3 - 28. What is g(u)?
-2
Let c(g) = -2*g + 3. Suppose 0 = 5*y + 1 - 16. Suppose f = 3*b + 14, f - 12 = -y*f + b. Let x be (12/8)/((-1)/f). Give c(x).
9
Let h(g) = -g + 14. Let m(f) = -f + 10. Let i(b) = -6*h(b) + 7*m(b). Calculate i(-10).
-4
Let b(l) be the third derivative of l**4/12 - l**3/3 - 13*l**2 + 2*l. Let t(z) = -z**3 + 5*z**2 + 6*z - 4. Let n be t(6). Determine b(n).
-10
Let r(a) = -a**2 - 7*a - 1. Let y be 4/((-50)/15 - -4). Suppose 0 = -4*q + 4*w - 12, 3*w + 2*w = 2*q - y. What is r(q)?
-1
Let o be (-1)/(-1 - 2/(-3)). Let x(z) = 5*z - 3*z**2 - 1 + 5*z**2 - 7*z + z**o. Let t = -14 - -12. What is x(t)?
3
Let u(m) = -4*m + 3*m - m. Let r be ((-12)/(-2))/2 + (-60)/((-168)/(-14)). Calculate u(r).
4
Let x(v) = 1 - 4*v**2 - 75*v + 157*v - 77*v + 5*v**2. Let r = 7 - 11. Let i(t) = -t**2 - 2*t + 3. Let d be i(r). What is x(d)?
1
Let s = 1513 + -1511. Let v(a) be the second derivative of -4*a + 3/2*a**s - 1/12*a**4 + 2/3*a**3 + 0. Give v(5).
-2
Let m(k) = -2*k + 1. Let q be ((-4)/8)/(1/(-12)). Let b be (q/18)/(1/(-6)). Let i(f) = -f**3 - 4*f**2 - 3*f. Let p be i(b). Give m(p).
5
Let s be 14/56 - (-30)/8. Let o(w) = -4*w + 4. Determine o(s).
-12
Let r = 25 + -19. Let k(v) = -11*v - 1 + 7 + 3*v + r*v. Determine k(4).
-2
Let q = -11 + 18. Let s = -10 + q. Let t(a) = 4*a - 4. Let i(r) = r**3 + r**2 + r - 1. Let u(j) = -i(j) + t(j). What is u(s)?
6
Let z(t) = t + 30 - t + 22 - 43 + 2*t. Determine z(0).
9
Let y = -27 + 30. Let c(b) be the first derivative of -b**4/4 + b**3 + 3*b - 16. Calculate c(y).
3
Let s be (-6)/27 - 176/18. Let y = s - -7. Let o(q) = 2*q - 2. Determine o(y).
-8
Let q(i) be the second derivative of i**6/180 - i**5/24 + i**4/6 - 5*i**3/6 + 13*i. Let y(d) be the second derivative of q(d). Calculate y(3).
7
Let n(k) = -k + 1. Let f(x) = x**3 - x**2 - 2*x - 6. Let a be f(0). Let h(t) = -5*t + 11. Let m(s) = a*n(s) + h(s). What is m(-5)?
0
Let h(v) = v**2 + 5*v. Suppose -a + t + 24 = 2, a + t = 16. Let g = 23 - a. Suppose g = -3*i - 8. Give h(i).
-4
Suppose -67*s + 30 = -72*s. Let j(w) = -2*w**2 - 12*w + 2. Give j(s).
2
Suppose 26 = 5*s + 2*c, 5*c = 5 - 15. Let w(t) = -s*t - 9*t + 14*t - 1. What is w(-7)?
6
Let h(s) = -2*s + 1. Let r(i) = i**3 + 15*i**2 + 7*i - 15. Let v be r(-15). Let m = -112 - v. Give h(m).
-15
Let z = 42 + -32. Let k = 12 - z. Let n(x) = 6*x - 2. Give n(k).
10
Let y be -2 - (5 + -7) - -2. Let t(u) be the first derivative of 3*u**y + 0*u - 1/3*u**3 + 5. Give t(5).
5
Let c(f) = 4680*f**3 - 12 - 9*f + 5*f**2 + 2*f**2 - 4679*f**3. Give c(-8).
-4
Let i(x) = x**3 + 2*x**2 - 4*x - 4. Let c = 458 - 461. Determine i(c).
-1
Suppose 0 = -3*d - 7*n + 3*n + 5, 5*d = -n + 14. Let c(k) = -3*k**3 - 5 + 2*k**3 + 7*k**2 + 3 - d + 2*k. Give c(7).
9
Let u(i) = i**3 - 3*i**2 - 4*i + 4. Suppose -3*p - 36 = 3*j, -2*p - 7 = 3*j + 17. Let l be (-10 - -3)*p/21. Determine u(l).
4
Let f(l) = 845 - 2*l - 827 + 3*l. Calculate f(0).
18
Let u(f) = -f**3 + 5*f**2 + 11*f + 7. Let t be (-1 + 0)*(12 - 19). Calculate u(t).
-14
Let w(g) = -134 + 62 + 61 + g. What is w(6)?
-5
Let b(f) = f + 1. Suppose -3*g - 12 - 16 = -u, 2*u = 5*g + 56. Suppose 2 = 5*m - u. Give b(m).
7
Let c(v) = 2793 + v + 0*v - v**2 - 2789. Determine c(4).
-8
Let t = -14 + 14. Suppose t = -5*a - 1 - 4. Let m(z) = -6*z**3 - z**2. Calculate m(a).
5
Let s(o) = o**3 - 8*o**2 + 7*o + 2. Suppose 7 = 4*u - 9. Suppose u*t = 7*t, 0 = j + 4*t - 7. Let q be s(j). Let k(a) = -a**3 + 2*a**2 - a + 1. Give k(q).
-1
Let t(m) be the second derivative of -m**5/20 + 11*m**4/12 + 11*m**3/6 + 5*m**2 - m - 22. Give t(12).
-2
Let y(c) = -c - 13. Let i = -983 + 993. Give y(i).
-23
Let a(i) = 2*i + 0*i + 10*i**3 + 0 + i**2 + 1. Suppose -46 = -13*g - 59. Give a(g).
-10
Suppose -24 = -4*g - 5*h - 66, 0 = -g - 5*h - 18. Let t(c) = -c**3 - 8*c**2 - 3*c - 6. Calculate t(g).
18
Let k = -414 - -413. Let c(o) = 16*o**2 - 1. What is c(k)?
15
Suppose 0*x = 4*x - f - 81, -3*f = -3*x + 72. Suppose 0 = -5*s + 1 + x. Let i be (-4 + s)*(-1 - 0). Let h(l) = l**3 - l**2 + l - 4. What is h(i)?
-4
Let s be 2/(-8) + (-196)/(-16). Suppose -4*m - s = 0, -m - 1 + 4 = 3*x. Let b(j) = j - x + 2 - 6. Determine b(6).
0
Let y(m) = 4*m + 14 - 64 + 23 + 18 - 2*m. What is y(6)?
3
Let o(t) = -7*t**3 + 3. Let l(d) = -35*d**3 - d**2 + 17. Let m(f) = 2*l(f) - 11*o(f). Let c(r) = r**3 + 18*r**2 + 17*r + 1. Let s be c(-17). Calculate m(s).
6
Suppose -5*o + m = -19, -3*m = 2*o - 2*m - 9. Let u(w) = w**2 - 1. Let z(k) = -6*k**2 + 5. Let x(h) = o*u(h) + z(h). What is x(2)?
-7
Let y(a) = -a**3 - a**2 - 7. Suppose -p + o + 5 = 0, 0*o + 2*o + 10 = 4*p. Give y(p).
-7
Let q(a) = 31 + a + 2*a**3 - 29 - a**3 + a**3 + 3*a**2. Calculate q(-2).
-4
Let x(w) = 1 - 11 - 78*w + 77*w + 0. What is x(5)?
-15
Let c(a) be the second derivative of -1/2*a**3 - 1/20*a**5 - 4*a + 0 + 1/2*a**2 + 1/3*a**4. Suppose 4*t - 3*b = 6, -4*t + 2*b + 0 = -8. Calculate c(t).
1
Let i(v) be the first derivative of -v**3/3 - 4*v**2 - 8*v + 3. Suppose 0*y - 3*y - 18 = 0. Give i(y).
4
Let g(f) = -3*f**2 - f - 9. Suppose 47*v = -5*v. Calculate g(v).
-9
Suppose -5*b + 15 = -5*y, -3*y - 4*b - 4 = -6*b. Let r(g) = -2*g**2 + 6*g - 3. Give r(y).
1
Let w = -1747 + 1755. Let f(j) = -4*j + 34. What is f(w)?
2
Let u(o) = 7*o - 6. Let r(w) = 2 - 11*w + 3*w - 8 + 13. Let a(k) = 6*r(k) + 7*u(k). Let x = 164 + -160. Determine a(x).
4
Let o(d) = 15*d - 6*d - 22*d + 3 + 0*d**2 + 12 - 2*d**2. Calculate o(-7).
8
Let c(n) = 5*n**2 - 20*n + 2. Let m(k) = -k**2 + 8*k. Let u(q) = c(q) + 3*m(q). Let l(g) = -g**3 - g**2 + g - 2. Let s be l(0). Give u(s).
2
Let t(q) be the first derivative of -7*q**2/2 - 40*q - 207. Calculate t(-6).
2
Let n(q) = -q**3 + q**2 - q + 2. Let t be ((-6)/(-9))/((-2)/36). Let k(b) = -b**2 - 12*b. Let w be k(t). What is n(w)?
2
Let z = -14 + 19. Suppose z*j + 4*n - 12 = 3, -3*n + 12 = 4*j. Let c(d) = 4*d**3 + 0*d**3 - 3*d + 4 - 4*d**2 - j*d**3. Calculate c(4).
-8
Let r = 966 - 963. Let d(m) = -2*m**3 + 4*m**2 + m + 1. Calculate d(r).
-14
Let k(w) = -17*w**3 - 3*w**2 - 12*w + 12. Let j(n) = -27*n**3 - 4*n**2 - 20*n + 18. Let v(h) = 5*j(h) - 8*k(h). What is v(-5)?
-11
Let m(r) be the first derivative of r**2/2 + 14*r - 12. Determine m(-6).
8
Let u be (2/3)/(280/7980). Let k(p) = -p**3 + 20*p**2 - 18*p + 13. Calculate k(u).
32
Let z(y) = y**3 - 13*y**2 + 5*y + 9. Let a(h) = 5*h + h**3 + 7 - 12*h**2 + 17 - 15 + h. Let w(i) = -3*a(i) + 2*z(i). Give w(9).
0
Let l(z) be the third der